{"id":1838,"date":"2017-08-12T07:55:44","date_gmt":"2017-08-12T07:55:44","guid":{"rendered":"http:\/\/www.arianebazan.be\/?page_id=1838"},"modified":"2023-05-05T12:45:05","modified_gmt":"2023-05-05T12:45:05","slug":"presentations","status":"publish","type":"page","link":"http:\/\/www.arianebazan.be\/?page_id=1838","title":{"rendered":"PRESENTATIONS"},"content":{"rendered":"<p style=\"text-align: justify;\"><em><span style=\"font-size: 14pt; color: #808080;\">A venir<\/span><\/em><\/p>\n<p style=\"text-align: justify;\"><em><span style=\"font-size: 14pt; color: #808080;\">2021<\/span><\/em><\/p>\n<ul>\n<li style=\"text-align: justify;\">En ligne, 03.12.2021, CIERA (Centre Interdisciplinaire d\u2019\u00c9tudes et de Recherches sur l\u2019Allemagne) en partenariat avec l\u2019Universit\u00e9 de Lorraine, l\u2019Universit\u00e9 de Strasbourg, Fonds m\u00e9decine et Etat de conscience, Vertical Project M\u00e9dia et l\u2019Institut f\u00fcr Grenzgebiete der Psychologie und Psychohygiene (IGPP), journ\u00e9e d\u2019\u00e9tude \u00ab <em>Les fronti\u00e8res de la mort<\/em> \u00bb, Bazan, A. Ariane Bazan, \u00ab L\u2019euthanasie pour souffrance psychique vs. Sch\u00e9h\u00e9razade \u00bb.<\/li>\n<li>Paris, 17.06.2021, Workshop \u00ab Monde v\u00e9cu et soin \u00bb: Bazan, A. \u00ab Can we access the intimate world? The concept of incurability in euthanasia requests for mental motives in Belgium\u201d, pr\u00e9sentation par visuo-conf\u00e9rence, invitee par le Dr. Arnaud Plagnol.<\/li>\n<\/ul>\n<p style=\"text-align: justify;\"><em><span style=\"font-size: 14pt; color: #808080;\">2019<\/span><\/em><\/p>\n<ul>\n<li style=\"text-align: justify;\">Gand, 05.03.2019, Universit\u00e9 de Gand, dans le cycle <em>Permanente Vorming Wijsbegeerte<\/em> \u201cZonder wet, geen zonde ?\u201d, Bazan, A., pr\u00e9sentation \u201cWaar schuld niet kan treffen, kan een mens niet leven\u201d.<\/li>\n<\/ul>\n<p style=\"text-align: justify;\"><em><span style=\"font-size: 14pt; color: #808080;\">2018<\/span><\/em><\/p>\n<ul>\n<li style=\"text-align: justify;\"><span style=\"font-size: 12pt;\"><a href=\"https:\/\/www.mixcloud.com\/radiocampusbruxelles\/leuthanasie-pour-raisons-psychiques\/\" target=\"_blank\" rel=\"noopener noreferrer\">Entretien avec D\u00e9borah Fabr\u00e9 sur Radio Campus, Histoire de savoir, diffus\u00e9 le mercredi 14 mars 2018 \u00e0 18h15 ainsi que le jeudi 15 mars 2018 \u00e0 9h<\/a>.<\/span><\/li>\n<\/ul>\n<p style=\"text-align: justify;\"><em><span style=\"font-size: 14pt; color: #808080;\">2017<\/span><\/em><\/p>\n<ul>\n<li style=\"text-align: justify;\"><span style=\"font-size: 12pt;\">10.2017, pr\u00e9sentation clinique, Bazan, A., \u00ab\u00a0L\u2019euthanasie pour seule souffrance mentale r\u00e9v\u00e8le la discontinuit\u00e9 entre corps et \u00e2me, et la n\u00e9cessit\u00e9 de distinguer leurs traitements respectifs\u00a0\u00bb, invit\u00e9e par le Docteur Catherine Petit.<\/span><\/li>\n<li style=\"text-align: justify;\"><span style=\"font-size: 12pt;\"><a href=\"http:\/\/vormingscentrum.tactics.be\/opleiding\/id\/1394\" target=\"_blank\" rel=\"noopener noreferrer\">Turnhout, Belgique, 10.11.2017, Cours invit\u00e9 dans le cadre d\u2019une journ\u00e9e &#8216;Euthanasie bij psychisch lijden\u2019 (\u2018L\u2019euthanasie en cas de souffrance mentale\u2019) au\u00a0Hoger Instituut voor Verpleegkunde Sint-Elisabeth Turnhout\u00a0(HIVSET). Invit\u00e9e par Dr. M. Calmeyn<\/a><\/span><\/li>\n<li style=\"text-align: justify;\"><span style=\"font-size: 12pt;\"><a href=\"http:\/\/www.ua.ac.be\/main.aspx?c=*UCSIAENG2&amp;n=122501&amp;ct=122501\" target=\"_blank\" rel=\"noopener noreferrer\">16-17.11.2017, colloque \u00ab\u00a015 ans de loi sur l\u2019euthanasie\u00a0 en Belgique\u00a0\u00bb \u00e0 l\u2019UCSIA, Bazan, A., \u00ab\u00a0Euthanasia and psychological suffering\u00a0\u00bb, invit\u00e9e par le Professeur W. Lemmens (Universit\u00e9 d\u2019Antwerpen) et le Docteur Jan de Lepeleire (KUL).<\/a><\/span><\/li>\n<li style=\"text-align: justify;\"><span style=\"font-size: 12pt;\">02.06.2017, journ\u00e9e d\u2019\u00e9tude \u00e0 propos du \u00ab\u00a0suicide chronique\u00a0\u00bb (\u00ab\u00a0chronische su\u00efcidaliteit\u00a0\u00bb), participation \u00e0 l\u2019atelier, Bazan, A., \u00ab L\u2019euthanasie dans le cadre de la seule souffrance mentale \u00bb (\u00ab\u00a0Euthanasie bij\u00a0psychisme lijden\u00a0\u00bb).<\/span><\/li>\n<\/ul>\n<p style=\"text-align: justify;\"><em><span style=\"font-size: 14pt; color: #808080;\">2016<\/span><\/em><\/p>\n<ul>\n<li style=\"text-align: justify;\"><span style=\"font-size: 12pt;\">Bruxelles, 26.05.2016, Bazan, A., s\u00e9minaire \u00ab\u00a0La question de l\u2019euthanasie pour seule souffrance psychique\u00a0\u00bb \u00e0 la Clinique Sans Souci.<\/span><\/li>\n<li style=\"text-align: justify;\"><span style=\"font-size: 12pt;\">13.05.2016, Radio publique allemande: BR.be. Interview radiophonique avec Mme Anne Kleinkneicht: &#8220;Sterbehilfe in Belgien&#8221; \u00e0 propos de l&#8217;euthanasie pour seule souffrance psychique.<\/span><\/li>\n<li style=\"text-align: justify;\"><span style=\"font-size: 12pt;\">27.04.2016, \u00ab\u00a0Euthanasie: een vraag voor het medische model in de geestelijke gezondheidszorg\u00a0\u00bb, studiedag\u00a0Ides\u00e7a, uitgenodigd door\u00a0Wim Galle.<\/span><\/li>\n<li style=\"text-align: justify;\"><span style=\"font-size: 12pt;\">Duffel, 11.04.2016, Soir\u00e9e d\u00e9bat autour de l\u2019euthanasie pour souffrances psychiques avec prof. Bazan (ULB), prof. Van de Vijver (UGent), prof. Distelmans (VUB), et prof. Patrick Cras (UA). pour un LOK de psychiatres anversois \u00e0 l\u2019h\u00f4pital psychiatrique Sint-Nobertus, invit\u00e9e par Laura Cassiers &amp; Claudia Cornelis.<\/span><\/li>\n<li style=\"text-align: justify;\"><span style=\"font-size: 12pt;\">Roeselare, 03.03.2016, Bazan, A., \u00ab Euthanasie bij Psychisch Lijden \u00bb, georganiseerd voor een LOK\u00a0van psychiaters, uitgenodigd door Dr Tom Festjens.<\/span><\/li>\n<\/ul>\n","protected":false},"excerpt":{"rendered":"<p>A venir 2021 En ligne, 03.12.2021, CIERA (Centre Interdisciplinaire d\u2019\u00c9tudes et de Recherches sur l\u2019Allemagne) en partenariat avec l\u2019Universit\u00e9 de Lorraine, l\u2019Universit\u00e9 de Strasbourg, Fonds m\u00e9decine et Etat de conscience, Vertical Project M\u00e9dia et l\u2019Institut f\u00fcr Grenzgebiete der Psychologie und &hellip; <a href=\"http:\/\/www.arianebazan.be\/?page_id=1838\">Continue reading <span class=\"meta-nav\">&rarr;<\/span><\/a><\/p>\n","protected":false},"author":1,"featured_media":0,"parent":1243,"menu_order":0,"comment_status":"closed","ping_status":"closed","template":"","meta":{"spay_email":""},"_links":{"self":[{"href":"http:\/\/www.arianebazan.be\/index.php?rest_route=\/wp\/v2\/pages\/1838"}],"collection":[{"href":"http:\/\/www.arianebazan.be\/index.php?rest_route=\/wp\/v2\/pages"}],"about":[{"href":"http:\/\/www.arianebazan.be\/index.php?rest_route=\/wp\/v2\/types\/page"}],"author":[{"embeddable":true,"href":"http:\/\/www.arianebazan.be\/index.php?rest_route=\/wp\/v2\/users\/1"}],"replies":[{"embeddable":true,"href":"http:\/\/www.arianebazan.be\/index.php?rest_route=%2Fwp%2Fv2%2Fcomments&post=1838"}],"version-history":[{"count":10,"href":"http:\/\/www.arianebazan.be\/index.php?rest_route=\/wp\/v2\/pages\/1838\/revisions"}],"predecessor-version":[{"id":3092,"href":"http:\/\/www.arianebazan.be\/index.php?rest_route=\/wp\/v2\/pages\/1838\/revisions\/3092"}],"up":[{"embeddable":true,"href":"http:\/\/www.arianebazan.be\/index.php?rest_route=\/wp\/v2\/pages\/1243"}],"wp:attachment":[{"href":"http:\/\/www.arianebazan.be\/index.php?rest_route=%2Fwp%2Fv2%2Fmedia&parent=1838"}],"curies":[{"name":"wp","href":"https:\/\/api.w.org\/{rel}","templated":true}]}}

<p style="text-align: justify;"><em><span style="font-size: 14pt; color: #808080;">A venir</span></em></p>
<p style="text-align: justify;"><em><span style="font-size: 14pt; color: #808080;">2021</span></em></p>
<ul>
<li style="text-align: justify;">En ligne, 03.12.2021, CIERA (Centre Interdisciplinaire d’Études et de Recherches sur l’Allemagne) en partenariat avec l’Université de Lorraine, l’Université de Strasbourg, Fonds médecine et Etat de conscience, Vertical Project Média et l’Institut für Grenzgebiete der Psychologie und Psychohygiene (IGPP), journée d’étude « <em>Les frontières de la mort</em> », Bazan, A. Ariane Bazan, « L’euthanasie pour souffrance psychique vs. Schéhérazade ».</li>
<li>Paris, 17.06.2021, Workshop « Monde vécu et soin »: Bazan, A. « Can we access the intimate world? The concept of incurability in euthanasia requests for mental motives in Belgium”, présentation par visuo-conférence, invitee par le Dr. Arnaud Plagnol.</li>
</ul>
<p style="text-align: justify;"><em><span style="font-size: 14pt; color: #808080;">2019</span></em></p>
<ul>
<li style="text-align: justify;">Gand, 05.03.2019, Université de Gand, dans le cycle <em>Permanente Vorming Wijsbegeerte</em> “Zonder wet, geen zonde ?”, Bazan, A., présentation “Waar schuld niet kan treffen, kan een mens niet leven”.</li>
</ul>
<p style="text-align: justify;"><em><span style="font-size: 14pt; color: #808080;">2018</span></em></p>
<ul>
<li style="text-align: justify;"><span style="font-size: 12pt;"><a href="https://www.mixcloud.com/radiocampusbruxelles/leuthanasie-pour-raisons-psychiques/" target="_blank" rel="noopener noreferrer">Entretien avec Déborah Fabré sur Radio Campus, Histoire de savoir, diffusé le mercredi 14 mars 2018 à 18h15 ainsi que le jeudi 15 mars 2018 à 9h</a>.</span></li>
</ul>
<p style="text-align: justify;"><em><span style="font-size: 14pt; color: #808080;">2017</span></em></p>
<ul>
<li style="text-align: justify;"><span style="font-size: 12pt;">10.2017, présentation clinique, Bazan, A., « L’euthanasie pour seule souffrance mentale révèle la discontinuité entre corps et âme, et la nécessité de distinguer leurs traitements respectifs », invitée par le Docteur Catherine Petit.</span></li>
<li style="text-align: justify;"><span style="font-size: 12pt;"><a href="http://vormingscentrum.tactics.be/opleiding/id/1394" target="_blank" rel="noopener noreferrer">Turnhout, Belgique, 10.11.2017, Cours invité dans le cadre d’une journée &#8216;Euthanasie bij psychisch lijden’ (‘L’euthanasie en cas de souffrance mentale’) au Hoger Instituut voor Verpleegkunde Sint-Elisabeth Turnhout (HIVSET). Invitée par Dr. M. Calmeyn</a></span></li>
<li style="text-align: justify;"><span style="font-size: 12pt;"><a href="http://www.ua.ac.be/main.aspx?c=*UCSIAENG2&amp;n=122501&amp;ct=122501" target="_blank" rel="noopener noreferrer">16-17.11.2017, colloque « 15 ans de loi sur l’euthanasie  en Belgique » à l’UCSIA, Bazan, A., « Euthanasia and psychological suffering », invitée par le Professeur W. Lemmens (Université d’Antwerpen) et le Docteur Jan de Lepeleire (KUL).</a></span></li>
<li style="text-align: justify;"><span style="font-size: 12pt;">02.06.2017, journée d’étude à propos du « suicide chronique » (« chronische suïcidaliteit »), participation à l’atelier, Bazan, A., « L’euthanasie dans le cadre de la seule souffrance mentale » (« Euthanasie bij psychisme lijden »).</span></li>
</ul>
<p style="text-align: justify;"><em><span style="font-size: 14pt; color: #808080;">2016</span></em></p>
<ul>
<li style="text-align: justify;"><span style="font-size: 12pt;">Bruxelles, 26.05.2016, Bazan, A., séminaire « La question de l’euthanasie pour seule souffrance psychique » à la Clinique Sans Souci.</span></li>
<li style="text-align: justify;"><span style="font-size: 12pt;">13.05.2016, Radio publique allemande: BR.be. Interview radiophonique avec Mme Anne Kleinkneicht: &#8220;Sterbehilfe in Belgien&#8221; à propos de l&#8217;euthanasie pour seule souffrance psychique.</span></li>
<li style="text-align: justify;"><span style="font-size: 12pt;">27.04.2016, « Euthanasie: een vraag voor het medische model in de geestelijke gezondheidszorg », studiedag Idesça, uitgenodigd door Wim Galle.</span></li>
<li style="text-align: justify;"><span style="font-size: 12pt;">Duffel, 11.04.2016, Soirée débat autour de l’euthanasie pour souffrances psychiques avec prof. Bazan (ULB), prof. Van de Vijver (UGent), prof. Distelmans (VUB), et prof. Patrick Cras (UA). pour un LOK de psychiatres anversois à l’hôpital psychiatrique Sint-Nobertus, invitée par Laura Cassiers &amp; Claudia Cornelis.</span></li>
<li style="text-align: justify;"><span style="font-size: 12pt;">Roeselare, 03.03.2016, Bazan, A., « Euthanasie bij Psychisch Lijden », georganiseerd voor een LOK van psychiaters, uitgenodigd door Dr Tom Festjens.</span></li>
</ul>

<p>A venir 2021 En ligne, 03.12.2021, CIERA (Centre Interdisciplinaire d’Études et de Recherches sur l’Allemagne) en partenariat avec l’Université de Lorraine, l’Université de Strasbourg, Fonds médecine et Etat de conscience, Vertical Project Média et l’Institut für Grenzgebiete der Psychologie und &hellip; <a href="http://www.arianebazan.be/?page_id=1838">Continue reading <span class="meta-nav">&rarr;</span></a></p>
