{"id":3652,"date":"2024-08-04T11:42:36","date_gmt":"2024-08-04T11:42:36","guid":{"rendered":"https:\/\/www.arianebazan.be\/?page_id=3652"},"modified":"2025-03-14T06:06:30","modified_gmt":"2025-03-14T06:06:30","slug":"georges-louis-bazan-10-avril-1935-21-mars-2021","status":"publish","type":"page","link":"http:\/\/www.arianebazan.be\/?page_id=3652","title":{"rendered":"Georges Louis Bazan (10 avril 1935-14 mars 2021)"},"content":{"rendered":"\n<p class=\"has-text-align-center has-black-color has-luminous-vivid-orange-background-color has-text-color has-background\"><strong>Nous avons \u00e0 la maison quelques tableaux originaux de Milo Pauly, artiste-peintre \u00e0 Bruxelles pendant les ann\u00e9es 50 et 60, ami de Georges Bazan, Jo Dustin et Tessa, Roland Lespineux, Jean Fabry et compagnie. Je crains qu&#8217;apr\u00e8s moi ces tableaux se retrouvent \u00e0 la d\u00e9chetterie. Si int\u00e9r\u00eat, merci de me contacter<\/strong>.<\/p>\n\n\n\n<p>J&#8217;ai aussi retrouv\u00e9 une lithographie dont on voit encore l&#8217;encre. Elle s&#8217;appelle (au revers) &#8216;Porte des Lilas&#8217; et repr\u00e9sente Georges Brassens. Son style semble singuli\u00e8rement \u00e0 celui de Frans Masereel, ce qui est possible puisque papa poss\u00e9dait par ailleurs deux tableaux de Masereel (faits par lithographie).<\/p>\n\n\n\n<figure class=\"wp-container-2 wp-block-gallery-1 wp-block-gallery has-nested-images columns-default is-cropped\">\n<figure class=\"wp-block-image size-thumbnail\"><a href=\"https:\/\/www.arianebazan.be\/wp-content\/uploads\/2024\/08\/lithographie-brassens-1-scaled.jpg\"><img loading=\"lazy\" width=\"150\" height=\"150\" data-id=\"3653\"  src=\"https:\/\/www.arianebazan.be\/wp-content\/uploads\/2024\/08\/lithographie-brassens-1-150x150.jpg\" alt=\"\" class=\"wp-image-3653\"\/><\/a><\/figure>\n<\/figure>\n","protected":false},"excerpt":{"rendered":"<p>Nous avons \u00e0 la maison quelques tableaux originaux de Milo Pauly, artiste-peintre \u00e0 Bruxelles pendant les ann\u00e9es 50 et 60, ami de Georges Bazan, Jo Dustin et Tessa, Roland Lespineux, Jean Fabry et compagnie. Je crains qu&#8217;apr\u00e8s moi ces tableaux &hellip; <a href=\"http:\/\/www.arianebazan.be\/?page_id=3652\">Continue reading <span class=\"meta-nav\">&rarr;<\/span><\/a><\/p>\n","protected":false},"author":1,"featured_media":0,"parent":0,"menu_order":0,"comment_status":"closed","ping_status":"closed","template":"","meta":{"spay_email":""},"_links":{"self":[{"href":"http:\/\/www.arianebazan.be\/index.php?rest_route=\/wp\/v2\/pages\/3652"}],"collection":[{"href":"http:\/\/www.arianebazan.be\/index.php?rest_route=\/wp\/v2\/pages"}],"about":[{"href":"http:\/\/www.arianebazan.be\/index.php?rest_route=\/wp\/v2\/types\/page"}],"author":[{"embeddable":true,"href":"http:\/\/www.arianebazan.be\/index.php?rest_route=\/wp\/v2\/users\/1"}],"replies":[{"embeddable":true,"href":"http:\/\/www.arianebazan.be\/index.php?rest_route=%2Fwp%2Fv2%2Fcomments&post=3652"}],"version-history":[{"count":6,"href":"http:\/\/www.arianebazan.be\/index.php?rest_route=\/wp\/v2\/pages\/3652\/revisions"}],"predecessor-version":[{"id":3758,"href":"http:\/\/www.arianebazan.be\/index.php?rest_route=\/wp\/v2\/pages\/3652\/revisions\/3758"}],"wp:attachment":[{"href":"http:\/\/www.arianebazan.be\/index.php?rest_route=%2Fwp%2Fv2%2Fmedia&parent=3652"}],"curies":[{"name":"wp","href":"https:\/\/api.w.org\/{rel}","templated":true}]}}

<p class="has-text-align-center has-black-color has-luminous-vivid-orange-background-color has-text-color has-background"><strong>Nous avons à la maison quelques tableaux originaux de Milo Pauly, artiste-peintre à Bruxelles pendant les années 50 et 60, ami de Georges Bazan, Jo Dustin et Tessa, Roland Lespineux, Jean Fabry et compagnie. Je crains qu&#8217;après moi ces tableaux se retrouvent à la déchetterie. Si intérêt, merci de me contacter</strong>.</p>



<p>J&#8217;ai aussi retrouvé une lithographie dont on voit encore l&#8217;encre. Elle s&#8217;appelle (au revers) &#8216;Porte des Lilas&#8217; et représente Georges Brassens. Son style semble singulièrement à celui de Frans Masereel, ce qui est possible puisque papa possédait par ailleurs deux tableaux de Masereel (faits par lithographie).</p>



<figure class="wp-container-2 wp-block-gallery-1 wp-block-gallery has-nested-images columns-default is-cropped">
<figure class="wp-block-image size-thumbnail"><a href="https://www.arianebazan.be/wp-content/uploads/2024/08/lithographie-brassens-1-scaled.jpg"><img loading="lazy" width="150" height="150" data-id="3653"  src="https://www.arianebazan.be/wp-content/uploads/2024/08/lithographie-brassens-1-150x150.jpg" alt="" class="wp-image-3653"/></a></figure>
</figure>

<p>Nous avons à la maison quelques tableaux originaux de Milo Pauly, artiste-peintre à Bruxelles pendant les années 50 et 60, ami de Georges Bazan, Jo Dustin et Tessa, Roland Lespineux, Jean Fabry et compagnie. Je crains qu&#8217;après moi ces tableaux &hellip; <a href="http://www.arianebazan.be/?page_id=3652">Continue reading <span class="meta-nav">&rarr;</span></a></p>
