{"id":164,"date":"2013-04-20T22:17:05","date_gmt":"2013-04-20T22:17:05","guid":{"rendered":"http:\/\/www.arianebazan.be\/?page_id=164"},"modified":"2023-05-05T12:43:15","modified_gmt":"2023-05-05T12:43:15","slug":"epistemology","status":"publish","type":"page","link":"https:\/\/www.arianebazan.be\/?page_id=164","title":{"rendered":"Epistemology"},"content":{"rendered":"<h1>SCIENCE<\/h1>\n<p><span style=\"font-size: 14pt;\">Catherine Morin, dans son nouveau livre &#8220;L&#8217; Homme et son cerveau: Neurosciences et psychanalyse&#8221; (2017) <a href=\"https:\/\/books.google.fr\/books?id=-jouDgAAQBAJ&amp;pg=PT125&amp;lpg=PT125&amp;dq=%22Ariane+Bazan%22&amp;source=bl&amp;ots=ByhO0SMxbp&amp;sig=KNz7NfIWnLjUhvqTSiKZdOII7cQ&amp;hl=fr&amp;sa=X&amp;ved=0ahUKEwjvvbac-KLVAhWB0xoKHaDcAeo4FBDoAQhIMAk#v=onepage&amp;q=%22Ariane%20Bazan%22&amp;f=false\" target=\"_blank\" rel=\"noopener noreferrer\">commente mes id\u00e9es<\/a> dans un paragraphe de son livre.<\/span><\/p>\n<p><a href=\"http:\/\/www.arianebazan.be\/wp-content\/uploads\/2013\/04\/20292818_10211784043770439_3900913162619550031_n.jpg\"><img loading=\"lazy\" class=\"alignnone size-medium wp-image-1697\" src=\"http:\/\/www.arianebazan.be\/wp-content\/uploads\/2013\/04\/20292818_10211784043770439_3900913162619550031_n-300x237.jpg\" alt=\"\" width=\"300\" height=\"237\" srcset=\"https:\/\/www.arianebazan.be\/wp-content\/uploads\/2013\/04\/20292818_10211784043770439_3900913162619550031_n-300x237.jpg 300w, https:\/\/www.arianebazan.be\/wp-content\/uploads\/2013\/04\/20292818_10211784043770439_3900913162619550031_n-624x493.jpg 624w, https:\/\/www.arianebazan.be\/wp-content\/uploads\/2013\/04\/20292818_10211784043770439_3900913162619550031_n.jpg 652w\" sizes=\"(max-width: 300px) 100vw, 300px\" \/><\/a><a href=\"http:\/\/www.arianebazan.be\/wp-content\/uploads\/2013\/04\/20246238_10211784045170474_2114033657553332836_n.jpg\"><img loading=\"lazy\" class=\"alignnone size-medium wp-image-1698\" src=\"http:\/\/www.arianebazan.be\/wp-content\/uploads\/2013\/04\/20246238_10211784045170474_2114033657553332836_n-300x230.jpg\" alt=\"\" width=\"300\" height=\"230\" srcset=\"https:\/\/www.arianebazan.be\/wp-content\/uploads\/2013\/04\/20246238_10211784045170474_2114033657553332836_n-300x230.jpg 300w, https:\/\/www.arianebazan.be\/wp-content\/uploads\/2013\/04\/20246238_10211784045170474_2114033657553332836_n-624x479.jpg 624w, https:\/\/www.arianebazan.be\/wp-content\/uploads\/2013\/04\/20246238_10211784045170474_2114033657553332836_n.jpg 676w\" sizes=\"(max-width: 300px) 100vw, 300px\" \/><\/a><\/p>\n<p>Je me permets de r\u00e9pondre sur quelques points, principalement pour faire avancer le dialogue et le d\u00e9bat:<\/p>\n<p>1) la raison pour laquelle je parle de r\u00e9alit\u00e9 mentale plut\u00f4t que psychique est exclusivement due au fait qu&#8217;en Anglais, &#8216;psychic&#8217; a d&#8217;autres connotations, et que pour \u00e9viter ces connotations parapsychologiques, je pr\u00e9f\u00e8re, en Anglais, le mot &#8216;mental&#8217;.<\/p>\n<p>2) Je suis plut\u00f4t d&#8217;accord avec Catherine Morin que ce n&#8217;est pas l&#8217;existence d&#8217;un mode de pens\u00e9e primaire qui est l&#8217;objet de la psychanalyse, et certainement pas les processus neuronaux qui sous-tendent un tel mode. C&#8217;est d&#8217;ailleurs ce que Gertrudis Van de Vijver et moi avons d\u00e9fendu au dernier congr\u00e8s international de Neuropsychanalyse \u00e0 Londres ce mois-ci (juillet 2017), dans un d\u00e9bat &#8216;Oxford Style&#8217; tr\u00e8s serr\u00e9 contre Mark Solms et Yoram Yovell.<\/p>\n<p>&#8230;et donc pour \u00eatre tout \u00e0 fait claire: &#8216;psychanalyse et neurosciences: un m\u00eame objet?&#8217;: non! Ce n&#8217;est pas la position que je d\u00e9fends, ce n&#8217;est pas celle que nous d\u00e9fendons. Voir plus pr\u00e9cis\u00e9ment ici, d&#8217;ailleurs:<\/p>\n<p>http:\/\/journal.frontiersin.org\/&#8230;\/fpsyg.2017.01259\/full<\/p>\n<p>En tr\u00e8s bref: je pense que le physiologique impose des contraintes, des conditions au mental, mais ne le d\u00e9termine pas. Le mental est organis\u00e9, mais il n\u2019est pas organis\u00e9 de n\u2019importe quelle fa\u00e7on et le biologique impose des limites, des conditions, des contraintes \u00e0 cette organisation. J\u2019ai appel\u00e9 \u00e7a dans d\u2019autres contextes des \u2018talons d\u2019Achilles\u2019: le mental est accroch\u00e9 au biologique et aux points d\u2019accroc, le mental fait montre de particularit\u00e9s qui imposent des limites, des impossibilit\u00e9s, des vuln\u00e9rabilit\u00e9s (p ex la mat\u00e9rialisation physiologiques des repr\u00e9sentations &#8211; des signifiants &#8211; du fait qu\u2019elle ne peut se faire que de par son c\u00f4t\u00e9 moteur, implique n\u00e9cessairement une ambigu\u00eft\u00e9 phon\u00e9mique). Or, je d\u00e9fends partout (enfin c\u2019est ce que je pensais) que ces limites, ces conditions ne d\u00e9terminent pas le mental, qu\u2019il y a une diff\u00e9rence entre imposer des contraintes et d\u00e9terminer.<\/p>\n<p>Par ailleurs, m\u00eame s\u2019il est int\u00e9ressant de saisir cet accroc du mental au physiologique, y compris pour l\u2019\u00e9clairage sur le mental (pas tout est possible, jamais tout ne sera possible), la vie mentale s\u2019organise de l\u2019autre c\u00f4t\u00e9 du point de bascule &#8211; j\u2019ai parl\u00e9 dans le congr\u00e8s de neuropsychanalyse de la vie repr\u00e9sentationnelle, et des lois (ou principes, ou r\u00e9gularit\u00e9s) qui organisent cette vie repr\u00e9sentationnelle (en particulier celles qui sont constitu\u00e9es par l\u2019ordre temporelle r\u00e9ciproque entre ces repr\u00e9sentations, c\u00e0d, par l\u2019histoire du sujet) &#8211; les repr\u00e9sentations \u00e9tant des intentions d\u2019agir non compl\u00e8tement d\u00e9charg\u00e9es, que je vois comme des signifiants.<\/p>\n<h1>VERITE<\/h1>\n<p>\u00ab <strong><em>Jamais la psychologie ne pourra dire sur la folie la v\u00e9rit\u00e9, puisque c&#8217;est la folie qui d\u00e9tient la v\u00e9rit\u00e9 de la psychologi<\/em>e<\/strong>. \u00bb,\u00a0 Michel Foucault,\u00a0 extrait de \u00ab Maladie mentale et psychologie \u00bb<\/p>\n<p>&#8220;I say, we good Presbyterian Christians should be charitable in these things, and not fancy ourselves so vastly superior to other mortals, pagans and what not, because of their half-crazy conceits on these subjects.\u00a0 There was Queequeg, now, certainly, entertaining the most absurd notions about Yojo and his Ramadan; &#8211; but what of that? Queequeg thought he knew what he was about, I suppose; he seemed to be content; and there let him rest. All our arguing with him would not avail; let him be, I say; and Heaven have mercy on us all &#8211; Presbyterians and Pagans alike &#8211; <strong><em>f<\/em><em>or we are all somehow dreadfully cracked about the head, and sadly need mending<\/em><\/strong>.&#8221; Moby Dick, Herman Melville, p. 98.<\/p>\n<p>Averro\u00e8s dans &#8216;Averro\u00e8s ou le secr\u00e9taire du diable&#8217;, Gilbert Sinou\u00e9 (2017, p. 176) : &#8220;l&#8217;\u00e2me individuelle est p\u00e9rissable, elle meurt avec le corps, seul l&#8217;intellect universel est immortel; de m\u00eame que l&#8217;humanit\u00e9 seule est \u00e9ternelle&#8221;.<\/p>\n<p><!-- [if gte mso 9]><xml>\n<o:OfficeDocumentSettings>\n<o:AllowPNG\/>\n<o:TargetScreenSize>1024x768<\/o:TargetScreenSize>\n<\/o:OfficeDocumentSettings>\n<\/xml><![endif]--><\/p>\n<p><!-- [if gte mso 9]><xml>\n<w:WordDocument>\n<w:View>Normal<\/w:View>\n<w:Zoom>0<\/w:Zoom>\n<w:HyphenationZone>21<\/w:HyphenationZone>\n<w:PunctuationKerning\/>\n<w:ValidateAgainstSchemas\/>\n<w:SaveIfXMLInvalid>false<\/w:SaveIfXMLInvalid>\n<w:IgnoreMixedContent>false<\/w:IgnoreMixedContent>\n<w:AlwaysShowPlaceholderText>false<\/w:AlwaysShowPlaceholderText>\n<w:Compatibility>\n<w:BreakWrappedTables\/>\n<w:SnapToGridInCell\/>\n<w:WrapTextWithPunct\/>\n<w:UseAsianBreakRules\/>\n<w:DontGrowAutofit\/>\n<\/w:Compatibility>\n<\/w:WordDocument>\n<\/xml><![endif]--><!-- [if gte mso 9]><xml>\n<w:LatentStyles DefLockedState=\"false\" LatentStyleCount=\"156\">\n<\/w:LatentStyles>\n<\/xml><![endif]--><!-- [if !supportAnnotations]--><!--[endif]--><!-- [if gte mso 10]>\n\n\n\n<style>\n \/* Style Definitions *\/<br \/> table.MsoNormalTable<br \/>\t{mso-style-name:Standaardtabel;<br \/>\tmso-tstyle-rowband-size:0;<br \/>\tmso-tstyle-colband-size:0;<br \/>\tmso-style-noshow:yes;<br \/>\tmso-style-parent:\"\";<br \/>\tmso-padding-alt:0cm 5.4pt 0cm 5.4pt;<br \/>\tmso-para-margin:0cm;<br \/>\tmso-para-margin-bottom:.0001pt;<br \/>\tmso-pagination:widow-orphan;<br \/>\tfont-size:10.0pt;<br \/>\tfont-family:\"Times New Roman\";<br \/>\tmso-ansi-language:#0400;<br \/>\tmso-fareast-language:#0400;<br \/>\tmso-bidi-language:#0400;}<br \/><\/style>\n\n\n\n<![endif]--><\/p>\n<p><!-- [if gte mso 9]><xml>\n<o:OfficeDocumentSettings>\n<o:AllowPNG\/>\n<o:TargetScreenSize>1024x768<\/o:TargetScreenSize>\n<\/o:OfficeDocumentSettings>\n<\/xml><![endif]--><\/p>\n<p><!-- [if gte mso 9]><xml>\n<w:WordDocument>\n<w:View>Normal<\/w:View>\n<w:Zoom>0<\/w:Zoom>\n<w:HyphenationZone>21<\/w:HyphenationZone>\n<w:PunctuationKerning\/>\n<w:ValidateAgainstSchemas\/>\n<w:SaveIfXMLInvalid>false<\/w:SaveIfXMLInvalid>\n<w:IgnoreMixedContent>false<\/w:IgnoreMixedContent>\n<w:AlwaysShowPlaceholderText>false<\/w:AlwaysShowPlaceholderText>\n<w:Compatibility>\n<w:BreakWrappedTables\/>\n<w:SnapToGridInCell\/>\n<w:WrapTextWithPunct\/>\n<w:UseAsianBreakRules\/>\n<w:DontGrowAutofit\/>\n<\/w:Compatibility>\n<\/w:WordDocument>\n<\/xml><![endif]--><!-- [if gte mso 9]><xml>\n<w:LatentStyles DefLockedState=\"false\" LatentStyleCount=\"156\">\n<\/w:LatentStyles>\n<\/xml><![endif]--><!-- [if gte mso 10]>\n\n\n\n<style>\n \/* Style Definitions *\/<br \/> table.MsoNormalTable<br \/>\t{mso-style-name:Standaardtabel;<br \/>\tmso-tstyle-rowband-size:0;<br \/>\tmso-tstyle-colband-size:0;<br \/>\tmso-style-noshow:yes;<br \/>\tmso-style-parent:\"\";<br \/>\tmso-padding-alt:0cm 5.4pt 0cm 5.4pt;<br \/>\tmso-para-margin:0cm;<br \/>\tmso-para-margin-bottom:.0001pt;<br \/>\tmso-pagination:widow-orphan;<br \/>\tfont-size:10.0pt;<br \/>\tfont-family:\"Times New Roman\";<br \/>\tmso-ansi-language:#0400;<br \/>\tmso-fareast-language:#0400;<br \/>\tmso-bidi-language:#0400;}<br \/><\/style>\n\n\n\n<![endif]--><\/p>\n","protected":false},"excerpt":{"rendered":"<p>SCIENCE Catherine Morin, dans son nouveau livre &#8220;L&#8217; Homme et son cerveau: Neurosciences et psychanalyse&#8221; (2017) commente mes id\u00e9es dans un paragraphe de son livre. Je me permets de r\u00e9pondre sur quelques points, principalement pour faire avancer le dialogue et &hellip; <a href=\"https:\/\/www.arianebazan.be\/?page_id=164\">Continue reading <span class=\"meta-nav\">&rarr;<\/span><\/a><\/p>\n","protected":false},"author":1,"featured_media":0,"parent":158,"menu_order":1,"comment_status":"open","ping_status":"open","template":"","meta":{"spay_email":""},"_links":{"self":[{"href":"https:\/\/www.arianebazan.be\/index.php?rest_route=\/wp\/v2\/pages\/164"}],"collection":[{"href":"https:\/\/www.arianebazan.be\/index.php?rest_route=\/wp\/v2\/pages"}],"about":[{"href":"https:\/\/www.arianebazan.be\/index.php?rest_route=\/wp\/v2\/types\/page"}],"author":[{"embeddable":true,"href":"https:\/\/www.arianebazan.be\/index.php?rest_route=\/wp\/v2\/users\/1"}],"replies":[{"embeddable":true,"href":"https:\/\/www.arianebazan.be\/index.php?rest_route=%2Fwp%2Fv2%2Fcomments&post=164"}],"version-history":[{"count":21,"href":"https:\/\/www.arianebazan.be\/index.php?rest_route=\/wp\/v2\/pages\/164\/revisions"}],"predecessor-version":[{"id":3145,"href":"https:\/\/www.arianebazan.be\/index.php?rest_route=\/wp\/v2\/pages\/164\/revisions\/3145"}],"up":[{"embeddable":true,"href":"https:\/\/www.arianebazan.be\/index.php?rest_route=\/wp\/v2\/pages\/158"}],"wp:attachment":[{"href":"https:\/\/www.arianebazan.be\/index.php?rest_route=%2Fwp%2Fv2%2Fmedia&parent=164"}],"curies":[{"name":"wp","href":"https:\/\/api.w.org\/{rel}","templated":true}]}}