{"id":2348,"date":"2019-07-09T18:28:11","date_gmt":"2019-07-09T18:28:11","guid":{"rendered":"http:\/\/www.arianebazan.be\/?page_id=2348"},"modified":"2025-10-26T07:06:48","modified_gmt":"2025-10-26T07:06:48","slug":"knack","status":"publish","type":"page","link":"https:\/\/www.arianebazan.be\/?page_id=2348","title":{"rendered":"Knack"},"content":{"rendered":"\n<ul><li>10.2025, Hulstaert, E., Knack, \u00ab\u00a0Onze geestelijkegezondheidszorg is ontoereikend\u2019: hoogleraar psychologie Ariane Bazan over het verhaal van Siska\u00a0\u00bb\u00a0: Elisa Hulstaert van Knack ondervroeg me naar aanleiding van de aangekondigde euthanasie van Siska De Ruysscher.<\/li><\/ul>\n\n\n\n<p class=\"has-light-green-cyan-background-color has-background\">&#8220;U noemde euthanasie bij ondraaglijk psychisch lijden in Knack ooit \u2018wraakroepend\u2019. Waarom?&#8221;<br>Ariane Bazan: &#8220;Omdat het aantoont hoe ontoereikend onze geestelijke gezondheidszorg is. We slagen er maar niet in om een systeem uit te bouwen dat \u00e9cht een antwoord biedt op psychisch lijden. Uit die onmacht wordt dan soms voor euthanasie gekozen. Dat vind ik wraakroepend. \u2018Geloof in herstel is deel van de genezing&#8221;. &#8220;Een van de voorwaarden om euthanasie te kunnen krijgen, is dat de pati\u00ebnt uitbehandeld moet zijn. Zeker bij psychische aandoeningen is dat een heikele kwestie. Gelooft u dat dat kan?&#8221; Bazan: &#8220;Ik denk dat je bij psychische aandoeningen nooit objectief kunt vaststellen dat iemand uitbehandeld is. Zo\u2019n uitspraak voedt enkel het gevoel van hopeloosheid bij de pati\u00ebnt \u00e9n zijn omgeving. Geloof in herstel is immers deel van de genezing. Zo werkt de psyche: zonder vertrouwen dat herstel mogelijk is, blokkeert het proces&#8221;. &#8220;In de geestelijke gezondheidszorg wordt het biomedische model gebruikt om mensen te helpen, maar dat model loopt compleet spaak. Dat moeten we durven uit te spreken&#8221;  <\/p>\n\n\n\n<p class=\"has-pale-cyan-blue-background-color has-background\">&#8220;\u2013 Vous avez un jour qualifi\u00e9 l&#8217;euthanasie en cas de souffrance psychique insupportable de \u00ab r\u00e9voltante \u00bb dans Knack. Pourquoi ?<br>Ariane Bazan : \u00ab Parce que cela montre \u00e0 quel point nos soins de sant\u00e9 mentale sont inad\u00e9quats. Nous ne parvenons pas \u00e0 mettre en place un syst\u00e8me capable d\u2019apporter une v\u00e9ritable r\u00e9ponse \u00e0 la souffrance psychique. Cette incomp\u00e9tence conduit certains patients \u00e0 choisir l&#8217;euthanasie. Je trouve cela r\u00e9voltant. (\u2026) Je pense qu\u2019en cas de d\u00e9tresse mentale, il n\u2019est jamais possible de d\u00e9terminer objectivement qu\u2019une personne a \u00e9puis\u00e9 toutes les options de traitement. Par ailleurs, une telle d\u00e9claration alimente le sentiment de d\u00e9sespoir chez le patient et son entourage. En effet, la croyance en la gu\u00e9rison fait partie du processus de gu\u00e9rison. C\u2019est ainsi que fonctionne le psychisme : sans la conviction que la gu\u00e9rison soit possible, le processus est bloqu\u00e9. Dans le domaine de la sant\u00e9 mentale, c\u2019est le mod\u00e8le biom\u00e9dical qui pr\u00e9vaut, mais ce mod\u00e8le est compl\u00e8tement d\u00e9faillant. Nous devons oser le dire haut et fort. \u00bb<\/p>\n\n\n\n<ul><li>17.01.2023, Engels, T., Knack, <a rel=\"noopener\" href=\"https:\/\/www.knack.be\/nieuws\/gezondheid\/psychologie\/wachtlijsten-psychologische-hulp-wegwerken-bouw-gespecialiseerde-zorg-af\/\" target=\"_blank\">\u00abWachtlijsten psychologische hulp wegwerken? \u2018Vaak is gespecialiseerde zorg niet nodig\u2019\u00bb<\/a>.<\/li><li><a rel=\"noopener noreferrer\" href=\"https:\/\/www.knack.be\/nieuws\/belgie\/hoogleraar-psychologie-ariane-bazan-er-zit-zeker-waanzin-in-mij\/article-longread-1635979.html?cookie_check=1599840149\" target=\"_blank\">02.09.2020, Mulders, S. \u00abEr zit zeker waanzin in mij\u00bb. Knack.\u00a0<\/a><\/li><li><a style=\"font-size: 1rem;\" rel=\"noopener noreferrer\" href=\"https:\/\/www.knack.be\/nieuws\/gezondheid\/de-zoektocht-naar-een-psycholoog-zal-altijd-een-lijdensweg-zijn\/article-longread-1445491.html?fbclid=IwAR3SP8kGVP141tz6gwQOjrgcB2YB3b8eXvaOIPaEG-zcm9sg_eA6llL-0z0\" target=\"_blank\">27.03.2019, Casteels, P. \u00ab De zoektocht naar een psycholoog zal altijd een lijdensweg zijn \u00bb, Knack.\u00a0<\/a><\/li><\/ul>\n\n\n\n<p><a class=\"customize-unpreviewable\" style=\"font-size: 1.5rem;\" href=\"http:\/\/www.knack.be\/nieuws\/belgie\/hou-slachtoffers-uit-het-beeld-moreel-oordeel-over-de-ouders-van-mawda-zegt-niets-over-juridische-verantwoordelijkheid\/article-opinion-1155751.html\" target=\"_blank\" rel=\"noopener noreferrer\">Bazan, A. &amp; Quackelbeen, L. (2018). Hou slachtoffers uit het beeld: Moreel oordeel over de ouders van Mawda zegt niets over juridische verantwoordelijkheid. Opinie. Knack.be, 03.06.2018.<\/a><span style=\"font-size: 1.5rem;\">&nbsp;<\/span><a class=\"customize-unpreviewable\" style=\"font-size: 1.5rem;\" href=\"http:\/\/www.arianebazan.be\/wp-content\/uploads\/2013\/04\/Hou-slachtoffers-uit-het-beeld-Moreel-oordeel-over-de-ouders-van-Mawda-zegt-niets-over-juridische-verantwoordelijkheid-Belgi%C3%AB-Knack.be_.pdf\" target=\"_blank\" rel=\"noopener noreferrer\">Mawda<\/a><\/p>\n\n\n\n<p><em>\u2018Het publiek wordt gevoed door informatie die juridisch onhelder lijkt te zijn, maar dit helemaal niet is\u2019, schrijven Ariane Bazan en Ligeia Quackelbeen naar aanleiding van uitspraken over \u2018de verantwoordelijkheid van de ouders\u2019 in de zaak van de peuter Mawda, die bij een politieactie om het leven kwam.<\/em><\/p>\n\n\n\n<p><em>Avec Ligeia Quackelbeen nous disons essentiellement ceci: aucune logique juridique ne prend en compte des conditions du c\u00f4t\u00e9 des victimes dans la question de la culpabilit\u00e9 (pour le droit p\u00e9nal seul compte l\u2019action de l\u2019auteur, pour les droits de l\u2019homme, l\u2019humain en jouit de fa\u00e7on inconditionnelle). Quand Bart De Wever dit qu\u2019il faut minimalent \u201cimpliquer les parents de Mawda dans le tableau\u201d il exprime un jugement moral dont il faut savoir qu\u2019il est donc en &nbsp;contradiction avec les diff\u00e9rentes logiques juridiques qui garantissent l\u2019\u00e9tat de droit.<\/em><br><em>Et nous ajoutons: dire en r\u00e9ponse \u00e0 BDW que ces jugements sont venus trop t\u00f4t apr\u00e8s la mort de Mawda, qu\u2019on peut comprendre les parents de Mawda, sont en fait d\u00e9j\u00e0 des aveux de faiblesse. La seule r\u00e9ponse logique \u00e0 son jugement moral est le message radical et sobre qu\u2019il est non pertinent dans un \u00e9tat de droit.<\/em><\/p>\n\n\n\n<p><a href=\"http:\/\/www.knack.be\/nieuws\/belgie\/wat-call-me-by-your-name-jou-kan-leren-over-de-liefde\/article-opinion-974375.html\" target=\"_blank\" rel=\"noopener noreferrer\">Bazan, A. (2018). &#8216;Wat &#8220;Call me by your name&#8221; jou kan leren over de liefde&#8217;. Knack.be, 08.03.2018 om 14:30<\/a>.&nbsp; <a href=\"http:\/\/www.arianebazan.be\/wp-content\/uploads\/2013\/04\/Wat-22Call-me-by-your-name22-jou-kan-leren-over-de-liefde-Belgi\u00eb-Knack.be_.pdf\">liefde<\/a><\/p>\n\n\n\n<p><a href=\"http:\/\/www.arianebazan.be\/?p=1993\" target=\"_blank\" rel=\"noopener noreferrer\">Hier is de niet-geredigeerde versie met een paar andere nuances<\/a>.<\/p>\n\n\n\n<p><a href=\"http:\/\/an-we-hebben-nood-aan-een-meer-menselijke-visie-op-de-geestelijke-gezondheidszorg\/article-longread-946887.html\" target=\"_blank\" rel=\"noopener noreferrer\">Engels, T. (2018).&nbsp;Ariane Bazan: &#8216;We hebben nood aan een meer menselijke visie op de geestelijke gezondheidszorg&#8217;, Knack, 08\/01\/18<\/a><\/p>\n\n\n\n<p><a href=\"http:\/\/www.knack.be\/nieuws\/belgie\/psychologe-ariane-bazan-pleit-voor-psychiatrie-zonder-dwang-euthanasie-vanwege-eenzaamheid-verschrikkelijk\/article-longread-847517.html\" target=\"_blank\" rel=\"noopener noreferrer\">Renard, H., (2017), Psychologe Ariane Bazan pleit voor psychiatrie zonder dwang: &#8220;euthanasie vanwege eezaamheid? Verschrikkelijk&#8221;, knack.be<\/a><\/p>\n\n\n\n<p><em>Een andere geestelijke gezondheidszorg, zonder isoleercellen en vernederende behandelingen: daarvoor pleit hoogleraar psychologie Ariane Bazan, die mee haar schouders heeft gezet onder het Kollectief Zonder Dwang. Ze is ook een tegenstander van euthanasie bij zwaar psychisch lijden. &#8216;Pati\u00ebnten komen nu zelf aanzetten met euthanasie als optie &#8211; zo ver is het gekomen.&#8217;<\/em><\/p>\n\n\n\n<p><a href=\"https:\/\/www.nrc.nl\/nieuws\/2017\/03\/10\/hij-laat-geen-angst-zien-voor-de-macht-7293543-a1549737\">Bazan, A. (2016), Mentale gezondheidzorg is geen geneeskunde. Knack online.&nbsp;29.06.2016<\/a><\/p>\n","protected":false},"excerpt":{"rendered":"<p>10.2025, Hulstaert, E., Knack, \u00ab\u00a0Onze geestelijkegezondheidszorg is ontoereikend\u2019: hoogleraar psychologie Ariane Bazan over het verhaal van Siska\u00a0\u00bb\u00a0: Elisa Hulstaert van Knack ondervroeg me naar aanleiding van de aangekondigde euthanasie van Siska De Ruysscher. &#8220;U noemde euthanasie bij ondraaglijk psychisch lijden &hellip; <a href=\"https:\/\/www.arianebazan.be\/?page_id=2348\">Continue reading <span class=\"meta-nav\">&rarr;<\/span><\/a><\/p>\n","protected":false},"author":1,"featured_media":0,"parent":2244,"menu_order":0,"comment_status":"closed","ping_status":"closed","template":"","meta":{"spay_email":""},"_links":{"self":[{"href":"https:\/\/www.arianebazan.be\/index.php?rest_route=\/wp\/v2\/pages\/2348"}],"collection":[{"href":"https:\/\/www.arianebazan.be\/index.php?rest_route=\/wp\/v2\/pages"}],"about":[{"href":"https:\/\/www.arianebazan.be\/index.php?rest_route=\/wp\/v2\/types\/page"}],"author":[{"embeddable":true,"href":"https:\/\/www.arianebazan.be\/index.php?rest_route=\/wp\/v2\/users\/1"}],"replies":[{"embeddable":true,"href":"https:\/\/www.arianebazan.be\/index.php?rest_route=%2Fwp%2Fv2%2Fcomments&post=2348"}],"version-history":[{"count":14,"href":"https:\/\/www.arianebazan.be\/index.php?rest_route=\/wp\/v2\/pages\/2348\/revisions"}],"predecessor-version":[{"id":3799,"href":"https:\/\/www.arianebazan.be\/index.php?rest_route=\/wp\/v2\/pages\/2348\/revisions\/3799"}],"up":[{"embeddable":true,"href":"https:\/\/www.arianebazan.be\/index.php?rest_route=\/wp\/v2\/pages\/2244"}],"wp:attachment":[{"href":"https:\/\/www.arianebazan.be\/index.php?rest_route=%2Fwp%2Fv2%2Fmedia&parent=2348"}],"curies":[{"name":"wp","href":"https:\/\/api.w.org\/{rel}","templated":true}]}}

<ul><li>10.2025, Hulstaert, E., Knack, « Onze geestelijkegezondheidszorg is ontoereikend’: hoogleraar psychologie Ariane Bazan over het verhaal van Siska » : Elisa Hulstaert van Knack ondervroeg me naar aanleiding van de aangekondigde euthanasie van Siska De Ruysscher.</li></ul>



<p class="has-light-green-cyan-background-color has-background">&#8220;U noemde euthanasie bij ondraaglijk psychisch lijden in Knack ooit ‘wraakroepend’. Waarom?&#8221;<br>Ariane Bazan: &#8220;Omdat het aantoont hoe ontoereikend onze geestelijke gezondheidszorg is. We slagen er maar niet in om een systeem uit te bouwen dat écht een antwoord biedt op psychisch lijden. Uit die onmacht wordt dan soms voor euthanasie gekozen. Dat vind ik wraakroepend. ‘Geloof in herstel is deel van de genezing&#8221;. &#8220;Een van de voorwaarden om euthanasie te kunnen krijgen, is dat de patiënt uitbehandeld moet zijn. Zeker bij psychische aandoeningen is dat een heikele kwestie. Gelooft u dat dat kan?&#8221; Bazan: &#8220;Ik denk dat je bij psychische aandoeningen nooit objectief kunt vaststellen dat iemand uitbehandeld is. Zo’n uitspraak voedt enkel het gevoel van hopeloosheid bij de patiënt én zijn omgeving. Geloof in herstel is immers deel van de genezing. Zo werkt de psyche: zonder vertrouwen dat herstel mogelijk is, blokkeert het proces&#8221;. &#8220;In de geestelijke gezondheidszorg wordt het biomedische model gebruikt om mensen te helpen, maar dat model loopt compleet spaak. Dat moeten we durven uit te spreken&#8221;  </p>



<p class="has-pale-cyan-blue-background-color has-background">&#8220;– Vous avez un jour qualifié l&#8217;euthanasie en cas de souffrance psychique insupportable de « révoltante » dans Knack. Pourquoi ?<br>Ariane Bazan : « Parce que cela montre à quel point nos soins de santé mentale sont inadéquats. Nous ne parvenons pas à mettre en place un système capable d’apporter une véritable réponse à la souffrance psychique. Cette incompétence conduit certains patients à choisir l&#8217;euthanasie. Je trouve cela révoltant. (…) Je pense qu’en cas de détresse mentale, il n’est jamais possible de déterminer objectivement qu’une personne a épuisé toutes les options de traitement. Par ailleurs, une telle déclaration alimente le sentiment de désespoir chez le patient et son entourage. En effet, la croyance en la guérison fait partie du processus de guérison. C’est ainsi que fonctionne le psychisme : sans la conviction que la guérison soit possible, le processus est bloqué. Dans le domaine de la santé mentale, c’est le modèle biomédical qui prévaut, mais ce modèle est complètement défaillant. Nous devons oser le dire haut et fort. »</p>



<ul><li>17.01.2023, Engels, T., Knack, <a rel="noopener" href="https://www.knack.be/nieuws/gezondheid/psychologie/wachtlijsten-psychologische-hulp-wegwerken-bouw-gespecialiseerde-zorg-af/" target="_blank">«Wachtlijsten psychologische hulp wegwerken? ‘Vaak is gespecialiseerde zorg niet nodig’»</a>.</li><li><a rel="noopener noreferrer" href="https://www.knack.be/nieuws/belgie/hoogleraar-psychologie-ariane-bazan-er-zit-zeker-waanzin-in-mij/article-longread-1635979.html?cookie_check=1599840149" target="_blank">02.09.2020, Mulders, S. «Er zit zeker waanzin in mij». Knack. </a></li><li><a style="font-size: 1rem;" rel="noopener noreferrer" href="https://www.knack.be/nieuws/gezondheid/de-zoektocht-naar-een-psycholoog-zal-altijd-een-lijdensweg-zijn/article-longread-1445491.html?fbclid=IwAR3SP8kGVP141tz6gwQOjrgcB2YB3b8eXvaOIPaEG-zcm9sg_eA6llL-0z0" target="_blank">27.03.2019, Casteels, P. « De zoektocht naar een psycholoog zal altijd een lijdensweg zijn », Knack. </a></li></ul>



<p><a class="customize-unpreviewable" style="font-size: 1.5rem;" href="http://www.knack.be/nieuws/belgie/hou-slachtoffers-uit-het-beeld-moreel-oordeel-over-de-ouders-van-mawda-zegt-niets-over-juridische-verantwoordelijkheid/article-opinion-1155751.html" target="_blank" rel="noopener noreferrer">Bazan, A. &amp; Quackelbeen, L. (2018). Hou slachtoffers uit het beeld: Moreel oordeel over de ouders van Mawda zegt niets over juridische verantwoordelijkheid. Opinie. Knack.be, 03.06.2018.</a><span style="font-size: 1.5rem;">&nbsp;</span><a class="customize-unpreviewable" style="font-size: 1.5rem;" href="http://www.arianebazan.be/wp-content/uploads/2013/04/Hou-slachtoffers-uit-het-beeld-Moreel-oordeel-over-de-ouders-van-Mawda-zegt-niets-over-juridische-verantwoordelijkheid-Belgi%C3%AB-Knack.be_.pdf" target="_blank" rel="noopener noreferrer">Mawda</a></p>



<p><em>‘Het publiek wordt gevoed door informatie die juridisch onhelder lijkt te zijn, maar dit helemaal niet is’, schrijven Ariane Bazan en Ligeia Quackelbeen naar aanleiding van uitspraken over ‘de verantwoordelijkheid van de ouders’ in de zaak van de peuter Mawda, die bij een politieactie om het leven kwam.</em></p>



<p><em>Avec Ligeia Quackelbeen nous disons essentiellement ceci: aucune logique juridique ne prend en compte des conditions du côté des victimes dans la question de la culpabilité (pour le droit pénal seul compte l’action de l’auteur, pour les droits de l’homme, l’humain en jouit de façon inconditionnelle). Quand Bart De Wever dit qu’il faut minimalent “impliquer les parents de Mawda dans le tableau” il exprime un jugement moral dont il faut savoir qu’il est donc en &nbsp;contradiction avec les différentes logiques juridiques qui garantissent l’état de droit.</em><br><em>Et nous ajoutons: dire en réponse à BDW que ces jugements sont venus trop tôt après la mort de Mawda, qu’on peut comprendre les parents de Mawda, sont en fait déjà des aveux de faiblesse. La seule réponse logique à son jugement moral est le message radical et sobre qu’il est non pertinent dans un état de droit.</em></p>



<p><a href="http://www.knack.be/nieuws/belgie/wat-call-me-by-your-name-jou-kan-leren-over-de-liefde/article-opinion-974375.html" target="_blank" rel="noopener noreferrer">Bazan, A. (2018). &#8216;Wat &#8220;Call me by your name&#8221; jou kan leren over de liefde&#8217;. Knack.be, 08.03.2018 om 14:30</a>.&nbsp; <a href="http://www.arianebazan.be/wp-content/uploads/2013/04/Wat-22Call-me-by-your-name22-jou-kan-leren-over-de-liefde-België-Knack.be_.pdf">liefde</a></p>



<p><a href="http://www.arianebazan.be/?p=1993" target="_blank" rel="noopener noreferrer">Hier is de niet-geredigeerde versie met een paar andere nuances</a>.</p>



<p><a href="http://an-we-hebben-nood-aan-een-meer-menselijke-visie-op-de-geestelijke-gezondheidszorg/article-longread-946887.html" target="_blank" rel="noopener noreferrer">Engels, T. (2018).&nbsp;Ariane Bazan: &#8216;We hebben nood aan een meer menselijke visie op de geestelijke gezondheidszorg&#8217;, Knack, 08/01/18</a></p>



<p><a href="http://www.knack.be/nieuws/belgie/psychologe-ariane-bazan-pleit-voor-psychiatrie-zonder-dwang-euthanasie-vanwege-eenzaamheid-verschrikkelijk/article-longread-847517.html" target="_blank" rel="noopener noreferrer">Renard, H., (2017), Psychologe Ariane Bazan pleit voor psychiatrie zonder dwang: &#8220;euthanasie vanwege eezaamheid? Verschrikkelijk&#8221;, knack.be</a></p>



<p><em>Een andere geestelijke gezondheidszorg, zonder isoleercellen en vernederende behandelingen: daarvoor pleit hoogleraar psychologie Ariane Bazan, die mee haar schouders heeft gezet onder het Kollectief Zonder Dwang. Ze is ook een tegenstander van euthanasie bij zwaar psychisch lijden. &#8216;Patiënten komen nu zelf aanzetten met euthanasie als optie &#8211; zo ver is het gekomen.&#8217;</em></p>



<p><a href="https://www.nrc.nl/nieuws/2017/03/10/hij-laat-geen-angst-zien-voor-de-macht-7293543-a1549737">Bazan, A. (2016), Mentale gezondheidzorg is geen geneeskunde. Knack online.&nbsp;29.06.2016</a></p>
