{"id":2672,"date":"2021-07-26T14:57:41","date_gmt":"2021-07-26T14:57:41","guid":{"rendered":"http:\/\/www.arianebazan.be\/?page_id=2672"},"modified":"2023-05-05T12:41:56","modified_gmt":"2023-05-05T12:41:56","slug":"lola-thieffry","status":"publish","type":"page","link":"https:\/\/www.arianebazan.be\/?page_id=2672","title":{"rendered":"Lola Thieffry"},"content":{"rendered":"<p><strong><a href=\"http:\/\/www.arianebazan.be\/wp-content\/uploads\/2021\/07\/177832569_987023278735168_2561356402129380269_n.jpg\"><img loading=\"lazy\" class=\"size-medium wp-image-2675 aligncenter\" src=\"http:\/\/www.arianebazan.be\/wp-content\/uploads\/2021\/07\/177832569_987023278735168_2561356402129380269_n-169x300.jpg\" alt=\"\" width=\"169\" height=\"300\" srcset=\"https:\/\/www.arianebazan.be\/wp-content\/uploads\/2021\/07\/177832569_987023278735168_2561356402129380269_n-169x300.jpg 169w, https:\/\/www.arianebazan.be\/wp-content\/uploads\/2021\/07\/177832569_987023278735168_2561356402129380269_n.jpg 540w\" sizes=\"(max-width: 169px) 100vw, 169px\" \/><\/a><\/strong><\/p>\n<p><span style=\"color: #000000;\">Lola est r\u00e9cemment dipl\u00f4m\u00e9e d\u2019un Master en psychologie clinique et psychopathologie qu\u2019elle a obtenu \u00e0 l\u2019Universit\u00e9 Libre de Bruxelles en juillet 2021. En septembre 2021, elle commencera sa premi\u00e8re ann\u00e9e de th\u00e8se en cotutelle entre l\u2019Universit\u00e9 de Lorraine (laboratoire InterPsy, Prof. Ariane Bazan) et l\u2019Universit\u00e9 Libre de Bruxelles (Prof. Sandrine Detandt).<\/span><\/p>\n<p><span style=\"color: #000000;\">Lola Thieffry just joined the Ariteam. She obtained a doctoral contract at the Universit\u00e9 de Lorraine.\u00a0The provisional title of her thesis: A neuropsychanalytic study on the metapsychology of repression.<\/span><\/p>\n","protected":false},"excerpt":{"rendered":"<p>Lola est r\u00e9cemment dipl\u00f4m\u00e9e d\u2019un Master en psychologie clinique et psychopathologie qu\u2019elle a obtenu \u00e0 l\u2019Universit\u00e9 Libre de Bruxelles en juillet 2021. En septembre 2021, elle commencera sa premi\u00e8re ann\u00e9e de th\u00e8se en cotutelle entre l\u2019Universit\u00e9 de Lorraine (laboratoire InterPsy, &hellip; <a href=\"https:\/\/www.arianebazan.be\/?page_id=2672\">Continue reading <span class=\"meta-nav\">&rarr;<\/span><\/a><\/p>\n","protected":false},"author":1,"featured_media":0,"parent":2538,"menu_order":0,"comment_status":"closed","ping_status":"closed","template":"","meta":{"spay_email":""},"_links":{"self":[{"href":"https:\/\/www.arianebazan.be\/index.php?rest_route=\/wp\/v2\/pages\/2672"}],"collection":[{"href":"https:\/\/www.arianebazan.be\/index.php?rest_route=\/wp\/v2\/pages"}],"about":[{"href":"https:\/\/www.arianebazan.be\/index.php?rest_route=\/wp\/v2\/types\/page"}],"author":[{"embeddable":true,"href":"https:\/\/www.arianebazan.be\/index.php?rest_route=\/wp\/v2\/users\/1"}],"replies":[{"embeddable":true,"href":"https:\/\/www.arianebazan.be\/index.php?rest_route=%2Fwp%2Fv2%2Fcomments&post=2672"}],"version-history":[{"count":14,"href":"https:\/\/www.arianebazan.be\/index.php?rest_route=\/wp\/v2\/pages\/2672\/revisions"}],"predecessor-version":[{"id":3223,"href":"https:\/\/www.arianebazan.be\/index.php?rest_route=\/wp\/v2\/pages\/2672\/revisions\/3223"}],"up":[{"embeddable":true,"href":"https:\/\/www.arianebazan.be\/index.php?rest_route=\/wp\/v2\/pages\/2538"}],"wp:attachment":[{"href":"https:\/\/www.arianebazan.be\/index.php?rest_route=%2Fwp%2Fv2%2Fmedia&parent=2672"}],"curies":[{"name":"wp","href":"https:\/\/api.w.org\/{rel}","templated":true}]}}